{"id":1806,"date":"2017-07-11T14:37:07","date_gmt":"2017-07-11T14:37:07","guid":{"rendered":"https:\/\/research.gsd.harvard.edu\/mci\/?page_id=1806"},"modified":"2018-05-26T14:37:38","modified_gmt":"2018-05-26T14:37:38","slug":"omar-valentin","status":"publish","type":"page","link":"https:\/\/research.gsd.harvard.edu\/mci\/omar-valentin\/","title":{"rendered":"Omar Valent\u00edn"},"content":{"rendered":"<p>Omar Dal\u00ed Valent\u00edn Silva is pursuing a Master in Architecture from the Harvard Graduate School of Design. He is from Cupey Alto, Puerto Rico &#8211; like the boxer F\u00e9lix &#8220;Tito&#8221; Trinidad &#8211; and received his Bachelor&#8217;s Degree in Environmental Design from the University of Puerto Rico. There, he became a member of <em>Grupo de Estudios Semi\u00f3ticos<\/em>, an interdisciplinary research group that works on many projects invested in the subject of semiotics led by Dr. Rub\u00e9n D\u00e1vila Santiago. Valentin is into domino, mofongo, and diphthongs since the financial crisis of 2008.&nbsp; .<\/p>\n<a  class=\"pixcode  pixcode--btn  btn  btn--small  btn--gamma\" href=\"https:\/\/research.gsd.harvard.edu\/mci\/portfolio\/2017-fellows\" >Back to 2017 Fellows<\/a>\n","protected":false},"excerpt":{"rendered":"<p>Omar Dal\u00ed Valent\u00edn Silva is pursuing a Master in Architecture from the Harvard Graduate School of Design. He is from Cupey Alto, Puerto Rico &#8211; like the boxer F\u00e9lix &#8220;Tito&#8221; Trinidad &#8211; and received his Bachelor&#8217;s Degree in Environmental Design from the University of Puerto Rico. There, he became a member of Grupo de Estudios Semi\u00f3ticos, an interdisciplinary research group that works on many projects invested in the subject of semiotics led by Dr. Rub\u00e9n D\u00e1vila Santiago. Valentin is into domino, mofongo, and diphthongs since the financial crisis of 2008.&nbsp; .<\/p>\n","protected":false},"author":87,"featured_media":0,"parent":0,"menu_order":0,"comment_status":"closed","ping_status":"closed","template":"","meta":{"_monsterinsights_skip_tracking":false,"_monsterinsights_sitenote_active":false,"_monsterinsights_sitenote_note":"","_monsterinsights_sitenote_category":0,"ngg_post_thumbnail":0,"footnotes":""},"class_list":["post-1806","page","type-page","status-publish","hentry"],"yoast_head":"<!-- This site is optimized with the Yoast SEO plugin v26.7 - https:\/\/yoast.com\/wordpress\/plugins\/seo\/ -->\n<title>Omar Valent\u00edn - MCI<\/title>\n<meta name=\"robots\" content=\"index, follow, max-snippet:-1, max-image-preview:large, max-video-preview:-1\" \/>\n<link rel=\"canonical\" href=\"https:\/\/research.gsd.harvard.edu\/mci\/omar-valentin\/\" \/>\n<meta property=\"og:locale\" content=\"en_US\" \/>\n<meta property=\"og:type\" content=\"article\" \/>\n<meta property=\"og:title\" content=\"Omar Valent\u00edn - MCI\" \/>\n<meta property=\"og:description\" content=\"Omar Dal\u00ed Valent\u00edn Silva is pursuing a Master in Architecture from the Harvard Graduate School of Design. He is from Cupey Alto, Puerto Rico &#8211; like the boxer F\u00e9lix &#8220;Tito&#8221; Trinidad &#8211; and received his Bachelor&#8217;s Degree in Environmental Design from the University of Puerto Rico. There, he became a member of Grupo de Estudios Semi\u00f3ticos, an interdisciplinary research group that works on many projects invested in the subject of semiotics led by Dr. Rub\u00e9n D\u00e1vila Santiago. Valentin is into domino, mofongo, and diphthongs since the financial crisis of 2008.&nbsp; .\" \/>\n<meta property=\"og:url\" content=\"https:\/\/research.gsd.harvard.edu\/mci\/omar-valentin\/\" \/>\n<meta property=\"og:site_name\" content=\"MCI\" \/>\n<meta property=\"article:modified_time\" content=\"2018-05-26T14:37:38+00:00\" \/>\n<meta name=\"twitter:card\" content=\"summary_large_image\" \/>\n<meta name=\"twitter:label1\" content=\"Est. reading time\" \/>\n\t<meta name=\"twitter:data1\" content=\"1 minute\" \/>\n<script type=\"application\/ld+json\" class=\"yoast-schema-graph\">{\"@context\":\"https:\/\/schema.org\",\"@graph\":[{\"@type\":\"WebPage\",\"@id\":\"https:\/\/research.gsd.harvard.edu\/mci\/omar-valentin\/\",\"url\":\"https:\/\/research.gsd.harvard.edu\/mci\/omar-valentin\/\",\"name\":\"Omar Valent\u00edn - MCI\",\"isPartOf\":{\"@id\":\"https:\/\/research.gsd.harvard.edu\/mci\/#website\"},\"datePublished\":\"2017-07-11T14:37:07+00:00\",\"dateModified\":\"2018-05-26T14:37:38+00:00\",\"breadcrumb\":{\"@id\":\"https:\/\/research.gsd.harvard.edu\/mci\/omar-valentin\/#breadcrumb\"},\"inLanguage\":\"en-US\",\"potentialAction\":[{\"@type\":\"ReadAction\",\"target\":[\"https:\/\/research.gsd.harvard.edu\/mci\/omar-valentin\/\"]}]},{\"@type\":\"BreadcrumbList\",\"@id\":\"https:\/\/research.gsd.harvard.edu\/mci\/omar-valentin\/#breadcrumb\",\"itemListElement\":[{\"@type\":\"ListItem\",\"position\":1,\"name\":\"Home\",\"item\":\"https:\/\/research.gsd.harvard.edu\/mci\/\"},{\"@type\":\"ListItem\",\"position\":2,\"name\":\"Omar Valent\u00edn\"}]},{\"@type\":\"WebSite\",\"@id\":\"https:\/\/research.gsd.harvard.edu\/mci\/#website\",\"url\":\"https:\/\/research.gsd.harvard.edu\/mci\/\",\"name\":\"Mexican Cities Initiative\",\"description\":\"Mexican Cities Initiative\",\"publisher\":{\"@id\":\"https:\/\/research.gsd.harvard.edu\/mci\/#organization\"},\"potentialAction\":[{\"@type\":\"SearchAction\",\"target\":{\"@type\":\"EntryPoint\",\"urlTemplate\":\"https:\/\/research.gsd.harvard.edu\/mci\/?s={search_term_string}\"},\"query-input\":{\"@type\":\"PropertyValueSpecification\",\"valueRequired\":true,\"valueName\":\"search_term_string\"}}],\"inLanguage\":\"en-US\"},{\"@type\":\"Organization\",\"@id\":\"https:\/\/research.gsd.harvard.edu\/mci\/#organization\",\"name\":\"Mexican Cities Initiative\",\"url\":\"https:\/\/research.gsd.harvard.edu\/mci\/\",\"logo\":{\"@type\":\"ImageObject\",\"inLanguage\":\"en-US\",\"@id\":\"https:\/\/research.gsd.harvard.edu\/mci\/#\/schema\/logo\/image\/\",\"url\":\"https:\/\/research.gsd.harvard.edu\/mci\/files\/2019\/11\/cropped-mci-logo.png\",\"contentUrl\":\"https:\/\/research.gsd.harvard.edu\/mci\/files\/2019\/11\/cropped-mci-logo.png\",\"width\":170,\"height\":127,\"caption\":\"Mexican Cities Initiative\"},\"image\":{\"@id\":\"https:\/\/research.gsd.harvard.edu\/mci\/#\/schema\/logo\/image\/\"}}]}<\/script>\n<!-- \/ Yoast SEO plugin. -->","yoast_head_json":{"title":"Omar Valent\u00edn - MCI","robots":{"index":"index","follow":"follow","max-snippet":"max-snippet:-1","max-image-preview":"max-image-preview:large","max-video-preview":"max-video-preview:-1"},"canonical":"https:\/\/research.gsd.harvard.edu\/mci\/omar-valentin\/","og_locale":"en_US","og_type":"article","og_title":"Omar Valent\u00edn - MCI","og_description":"Omar Dal\u00ed Valent\u00edn Silva is pursuing a Master in Architecture from the Harvard Graduate School of Design. He is from Cupey Alto, Puerto Rico &#8211; like the boxer F\u00e9lix &#8220;Tito&#8221; Trinidad &#8211; and received his Bachelor&#8217;s Degree in Environmental Design from the University of Puerto Rico. There, he became a member of Grupo de Estudios Semi\u00f3ticos, an interdisciplinary research group that works on many projects invested in the subject of semiotics led by Dr. Rub\u00e9n D\u00e1vila Santiago. Valentin is into domino, mofongo, and diphthongs since the financial crisis of 2008.&nbsp; .","og_url":"https:\/\/research.gsd.harvard.edu\/mci\/omar-valentin\/","og_site_name":"MCI","article_modified_time":"2018-05-26T14:37:38+00:00","twitter_card":"summary_large_image","twitter_misc":{"Est. reading time":"1 minute"},"schema":{"@context":"https:\/\/schema.org","@graph":[{"@type":"WebPage","@id":"https:\/\/research.gsd.harvard.edu\/mci\/omar-valentin\/","url":"https:\/\/research.gsd.harvard.edu\/mci\/omar-valentin\/","name":"Omar Valent\u00edn - MCI","isPartOf":{"@id":"https:\/\/research.gsd.harvard.edu\/mci\/#website"},"datePublished":"2017-07-11T14:37:07+00:00","dateModified":"2018-05-26T14:37:38+00:00","breadcrumb":{"@id":"https:\/\/research.gsd.harvard.edu\/mci\/omar-valentin\/#breadcrumb"},"inLanguage":"en-US","potentialAction":[{"@type":"ReadAction","target":["https:\/\/research.gsd.harvard.edu\/mci\/omar-valentin\/"]}]},{"@type":"BreadcrumbList","@id":"https:\/\/research.gsd.harvard.edu\/mci\/omar-valentin\/#breadcrumb","itemListElement":[{"@type":"ListItem","position":1,"name":"Home","item":"https:\/\/research.gsd.harvard.edu\/mci\/"},{"@type":"ListItem","position":2,"name":"Omar Valent\u00edn"}]},{"@type":"WebSite","@id":"https:\/\/research.gsd.harvard.edu\/mci\/#website","url":"https:\/\/research.gsd.harvard.edu\/mci\/","name":"Mexican Cities Initiative","description":"Mexican Cities Initiative","publisher":{"@id":"https:\/\/research.gsd.harvard.edu\/mci\/#organization"},"potentialAction":[{"@type":"SearchAction","target":{"@type":"EntryPoint","urlTemplate":"https:\/\/research.gsd.harvard.edu\/mci\/?s={search_term_string}"},"query-input":{"@type":"PropertyValueSpecification","valueRequired":true,"valueName":"search_term_string"}}],"inLanguage":"en-US"},{"@type":"Organization","@id":"https:\/\/research.gsd.harvard.edu\/mci\/#organization","name":"Mexican Cities Initiative","url":"https:\/\/research.gsd.harvard.edu\/mci\/","logo":{"@type":"ImageObject","inLanguage":"en-US","@id":"https:\/\/research.gsd.harvard.edu\/mci\/#\/schema\/logo\/image\/","url":"https:\/\/research.gsd.harvard.edu\/mci\/files\/2019\/11\/cropped-mci-logo.png","contentUrl":"https:\/\/research.gsd.harvard.edu\/mci\/files\/2019\/11\/cropped-mci-logo.png","width":170,"height":127,"caption":"Mexican Cities Initiative"},"image":{"@id":"https:\/\/research.gsd.harvard.edu\/mci\/#\/schema\/logo\/image\/"}}]}},"jetpack_sharing_enabled":true,"_links":{"self":[{"href":"https:\/\/research.gsd.harvard.edu\/mci\/wp-json\/wp\/v2\/pages\/1806","targetHints":{"allow":["GET"]}}],"collection":[{"href":"https:\/\/research.gsd.harvard.edu\/mci\/wp-json\/wp\/v2\/pages"}],"about":[{"href":"https:\/\/research.gsd.harvard.edu\/mci\/wp-json\/wp\/v2\/types\/page"}],"author":[{"embeddable":true,"href":"https:\/\/research.gsd.harvard.edu\/mci\/wp-json\/wp\/v2\/users\/87"}],"replies":[{"embeddable":true,"href":"https:\/\/research.gsd.harvard.edu\/mci\/wp-json\/wp\/v2\/comments?post=1806"}],"version-history":[{"count":0,"href":"https:\/\/research.gsd.harvard.edu\/mci\/wp-json\/wp\/v2\/pages\/1806\/revisions"}],"wp:attachment":[{"href":"https:\/\/research.gsd.harvard.edu\/mci\/wp-json\/wp\/v2\/media?parent=1806"}],"curies":[{"name":"wp","href":"https:\/\/api.w.org\/{rel}","templated":true}]}}