{"id":2196,"date":"2018-06-12T19:38:06","date_gmt":"2018-06-12T19:38:06","guid":{"rendered":"https:\/\/research.gsd.harvard.edu\/mci\/?page_id=2196"},"modified":"2018-06-19T13:45:14","modified_gmt":"2018-06-19T13:45:14","slug":"student-work","status":"publish","type":"page","link":"https:\/\/research.gsd.harvard.edu\/mci\/student-work\/","title":{"rendered":"Student Work"},"content":{"rendered":"<h3>The Mexican Cities Initiative compiles student work across the Graduate School of Design that is related to Mexico. Click on the links below to view more information about student research, projects, and professional work.<\/h3>\n<p>&nbsp;<\/p>\n<p><a href=\"https:\/\/research.gsd.harvard.edu\/mci\/portfolio\/disaster-as-an-opportunity-alternatives-for-debris-management-at-the-las-nutrias-riverbank-in-oaxaca-mexico\/\" target=\"_blank\" rel=\"noopener\">Disaster as an Opportunity: Alternatives for Debris Management at the Las Nutrias Riverbank in Oaxaca, Mexico<\/a> &#8211;&nbsp;Den\u00ed L\u00f3pez, Nadyeli Quiroz, Betzabe Vald\u00e9s, &amp; Marisa Villareal&nbsp;<\/p>\n<p><a class=\"dJAX_internal\" href=\"https:\/\/research.gsd.harvard.edu\/mci\/portfolio\/thesis-critical-intervention\/\" target=\"_blank\" rel=\"noopener\">Critical intervention: The liminality of earthquakes, fragments, and palimpsests as alternatives to preservation in Mexico<\/a>&nbsp;\u2013 Enrique Silva<\/p>\n<p><a href=\"https:\/\/research.gsd.harvard.edu\/mci\/portfolio\/emerging-and-sustainable-cities-initiative-idb\/\" target=\"_blank\" rel=\"noopener\">Emerging and Sustainable Cities Program, IDB<\/a> &#8211; Eduardo Pelaez &amp; Kim Geronimo<\/p>\n<p><a href=\"https:\/\/research.gsd.harvard.edu\/mci\/portfolio\/accelerating-municipal-building-efficiency-mexico-city\/\" target=\"_blank\" rel=\"noopener\">Accelerating Municipal Building Efficiency, Mexico City<\/a> &#8211; Pablo Izaga Gonzalez<\/p>\n<p>&nbsp;<\/p>\n","protected":false},"excerpt":{"rendered":"<p>The Mexican Cities Initiative compiles student work across the Graduate School of Design that is related to Mexico. Click on the links below to view more information about student research, projects, and professional work. &nbsp; Disaster as an Opportunity: Alternatives for Debris Management at the Las Nutrias Riverbank in Oaxaca, Mexico &#8211;&nbsp;Den\u00ed L\u00f3pez, Nadyeli Quiroz, Betzabe Vald\u00e9s, &amp; Marisa Villareal&nbsp; Critical intervention: The liminality of earthquakes, fragments, and palimpsests as alternatives to preservation in Mexico&nbsp;\u2013 Enrique Silva Emerging and Sustainable Cities Program, IDB &#8211; Eduardo Pelaez &amp; Kim Geronimo Accelerating Municipal Building Efficiency, Mexico City &#8211; Pablo Izaga Gonzalez &nbsp;<\/p>\n","protected":false},"author":87,"featured_media":0,"parent":0,"menu_order":0,"comment_status":"closed","ping_status":"closed","template":"","meta":{"_monsterinsights_skip_tracking":false,"_monsterinsights_sitenote_active":false,"_monsterinsights_sitenote_note":"","_monsterinsights_sitenote_category":0,"ngg_post_thumbnail":0,"footnotes":""},"class_list":["post-2196","page","type-page","status-publish","hentry"],"yoast_head":"<!-- This site is optimized with the Yoast SEO plugin v26.7 - https:\/\/yoast.com\/wordpress\/plugins\/seo\/ -->\n<title>Student Work - MCI<\/title>\n<meta name=\"robots\" content=\"index, follow, max-snippet:-1, max-image-preview:large, max-video-preview:-1\" \/>\n<link rel=\"canonical\" href=\"https:\/\/research.gsd.harvard.edu\/mci\/student-work\/\" \/>\n<meta property=\"og:locale\" content=\"en_US\" \/>\n<meta property=\"og:type\" content=\"article\" \/>\n<meta property=\"og:title\" content=\"Student Work - MCI\" \/>\n<meta property=\"og:description\" content=\"The Mexican Cities Initiative compiles student work across the Graduate School of Design that is related to Mexico. Click on the links below to view more information about student research, projects, and professional work. &nbsp; Disaster as an Opportunity: Alternatives for Debris Management at the Las Nutrias Riverbank in Oaxaca, Mexico &#8211;&nbsp;Den\u00ed L\u00f3pez, Nadyeli Quiroz, Betzabe Vald\u00e9s, &amp; Marisa Villareal&nbsp; Critical intervention: The liminality of earthquakes, fragments, and palimpsests as alternatives to preservation in Mexico&nbsp;\u2013 Enrique Silva Emerging and Sustainable Cities Program, IDB &#8211; Eduardo Pelaez &amp; Kim Geronimo Accelerating Municipal Building Efficiency, Mexico City &#8211; Pablo Izaga Gonzalez &nbsp;\" \/>\n<meta property=\"og:url\" content=\"https:\/\/research.gsd.harvard.edu\/mci\/student-work\/\" \/>\n<meta property=\"og:site_name\" content=\"MCI\" \/>\n<meta property=\"article:modified_time\" content=\"2018-06-19T13:45:14+00:00\" \/>\n<meta name=\"twitter:card\" content=\"summary_large_image\" \/>\n<meta name=\"twitter:label1\" content=\"Est. reading time\" \/>\n\t<meta name=\"twitter:data1\" content=\"1 minute\" \/>\n<script type=\"application\/ld+json\" class=\"yoast-schema-graph\">{\"@context\":\"https:\/\/schema.org\",\"@graph\":[{\"@type\":\"WebPage\",\"@id\":\"https:\/\/research.gsd.harvard.edu\/mci\/student-work\/\",\"url\":\"https:\/\/research.gsd.harvard.edu\/mci\/student-work\/\",\"name\":\"Student Work - MCI\",\"isPartOf\":{\"@id\":\"https:\/\/research.gsd.harvard.edu\/mci\/#website\"},\"datePublished\":\"2018-06-12T19:38:06+00:00\",\"dateModified\":\"2018-06-19T13:45:14+00:00\",\"breadcrumb\":{\"@id\":\"https:\/\/research.gsd.harvard.edu\/mci\/student-work\/#breadcrumb\"},\"inLanguage\":\"en-US\",\"potentialAction\":[{\"@type\":\"ReadAction\",\"target\":[\"https:\/\/research.gsd.harvard.edu\/mci\/student-work\/\"]}]},{\"@type\":\"BreadcrumbList\",\"@id\":\"https:\/\/research.gsd.harvard.edu\/mci\/student-work\/#breadcrumb\",\"itemListElement\":[{\"@type\":\"ListItem\",\"position\":1,\"name\":\"Home\",\"item\":\"https:\/\/research.gsd.harvard.edu\/mci\/\"},{\"@type\":\"ListItem\",\"position\":2,\"name\":\"Student Work\"}]},{\"@type\":\"WebSite\",\"@id\":\"https:\/\/research.gsd.harvard.edu\/mci\/#website\",\"url\":\"https:\/\/research.gsd.harvard.edu\/mci\/\",\"name\":\"Mexican Cities Initiative\",\"description\":\"Mexican Cities Initiative\",\"publisher\":{\"@id\":\"https:\/\/research.gsd.harvard.edu\/mci\/#organization\"},\"potentialAction\":[{\"@type\":\"SearchAction\",\"target\":{\"@type\":\"EntryPoint\",\"urlTemplate\":\"https:\/\/research.gsd.harvard.edu\/mci\/?s={search_term_string}\"},\"query-input\":{\"@type\":\"PropertyValueSpecification\",\"valueRequired\":true,\"valueName\":\"search_term_string\"}}],\"inLanguage\":\"en-US\"},{\"@type\":\"Organization\",\"@id\":\"https:\/\/research.gsd.harvard.edu\/mci\/#organization\",\"name\":\"Mexican Cities Initiative\",\"url\":\"https:\/\/research.gsd.harvard.edu\/mci\/\",\"logo\":{\"@type\":\"ImageObject\",\"inLanguage\":\"en-US\",\"@id\":\"https:\/\/research.gsd.harvard.edu\/mci\/#\/schema\/logo\/image\/\",\"url\":\"https:\/\/research.gsd.harvard.edu\/mci\/files\/2019\/11\/cropped-mci-logo.png\",\"contentUrl\":\"https:\/\/research.gsd.harvard.edu\/mci\/files\/2019\/11\/cropped-mci-logo.png\",\"width\":170,\"height\":127,\"caption\":\"Mexican Cities Initiative\"},\"image\":{\"@id\":\"https:\/\/research.gsd.harvard.edu\/mci\/#\/schema\/logo\/image\/\"}}]}<\/script>\n<!-- \/ Yoast SEO plugin. -->","yoast_head_json":{"title":"Student Work - MCI","robots":{"index":"index","follow":"follow","max-snippet":"max-snippet:-1","max-image-preview":"max-image-preview:large","max-video-preview":"max-video-preview:-1"},"canonical":"https:\/\/research.gsd.harvard.edu\/mci\/student-work\/","og_locale":"en_US","og_type":"article","og_title":"Student Work - MCI","og_description":"The Mexican Cities Initiative compiles student work across the Graduate School of Design that is related to Mexico. Click on the links below to view more information about student research, projects, and professional work. &nbsp; Disaster as an Opportunity: Alternatives for Debris Management at the Las Nutrias Riverbank in Oaxaca, Mexico &#8211;&nbsp;Den\u00ed L\u00f3pez, Nadyeli Quiroz, Betzabe Vald\u00e9s, &amp; Marisa Villareal&nbsp; Critical intervention: The liminality of earthquakes, fragments, and palimpsests as alternatives to preservation in Mexico&nbsp;\u2013 Enrique Silva Emerging and Sustainable Cities Program, IDB &#8211; Eduardo Pelaez &amp; Kim Geronimo Accelerating Municipal Building Efficiency, Mexico City &#8211; Pablo Izaga Gonzalez &nbsp;","og_url":"https:\/\/research.gsd.harvard.edu\/mci\/student-work\/","og_site_name":"MCI","article_modified_time":"2018-06-19T13:45:14+00:00","twitter_card":"summary_large_image","twitter_misc":{"Est. reading time":"1 minute"},"schema":{"@context":"https:\/\/schema.org","@graph":[{"@type":"WebPage","@id":"https:\/\/research.gsd.harvard.edu\/mci\/student-work\/","url":"https:\/\/research.gsd.harvard.edu\/mci\/student-work\/","name":"Student Work - MCI","isPartOf":{"@id":"https:\/\/research.gsd.harvard.edu\/mci\/#website"},"datePublished":"2018-06-12T19:38:06+00:00","dateModified":"2018-06-19T13:45:14+00:00","breadcrumb":{"@id":"https:\/\/research.gsd.harvard.edu\/mci\/student-work\/#breadcrumb"},"inLanguage":"en-US","potentialAction":[{"@type":"ReadAction","target":["https:\/\/research.gsd.harvard.edu\/mci\/student-work\/"]}]},{"@type":"BreadcrumbList","@id":"https:\/\/research.gsd.harvard.edu\/mci\/student-work\/#breadcrumb","itemListElement":[{"@type":"ListItem","position":1,"name":"Home","item":"https:\/\/research.gsd.harvard.edu\/mci\/"},{"@type":"ListItem","position":2,"name":"Student Work"}]},{"@type":"WebSite","@id":"https:\/\/research.gsd.harvard.edu\/mci\/#website","url":"https:\/\/research.gsd.harvard.edu\/mci\/","name":"Mexican Cities Initiative","description":"Mexican Cities Initiative","publisher":{"@id":"https:\/\/research.gsd.harvard.edu\/mci\/#organization"},"potentialAction":[{"@type":"SearchAction","target":{"@type":"EntryPoint","urlTemplate":"https:\/\/research.gsd.harvard.edu\/mci\/?s={search_term_string}"},"query-input":{"@type":"PropertyValueSpecification","valueRequired":true,"valueName":"search_term_string"}}],"inLanguage":"en-US"},{"@type":"Organization","@id":"https:\/\/research.gsd.harvard.edu\/mci\/#organization","name":"Mexican Cities Initiative","url":"https:\/\/research.gsd.harvard.edu\/mci\/","logo":{"@type":"ImageObject","inLanguage":"en-US","@id":"https:\/\/research.gsd.harvard.edu\/mci\/#\/schema\/logo\/image\/","url":"https:\/\/research.gsd.harvard.edu\/mci\/files\/2019\/11\/cropped-mci-logo.png","contentUrl":"https:\/\/research.gsd.harvard.edu\/mci\/files\/2019\/11\/cropped-mci-logo.png","width":170,"height":127,"caption":"Mexican Cities Initiative"},"image":{"@id":"https:\/\/research.gsd.harvard.edu\/mci\/#\/schema\/logo\/image\/"}}]}},"jetpack_sharing_enabled":true,"_links":{"self":[{"href":"https:\/\/research.gsd.harvard.edu\/mci\/wp-json\/wp\/v2\/pages\/2196","targetHints":{"allow":["GET"]}}],"collection":[{"href":"https:\/\/research.gsd.harvard.edu\/mci\/wp-json\/wp\/v2\/pages"}],"about":[{"href":"https:\/\/research.gsd.harvard.edu\/mci\/wp-json\/wp\/v2\/types\/page"}],"author":[{"embeddable":true,"href":"https:\/\/research.gsd.harvard.edu\/mci\/wp-json\/wp\/v2\/users\/87"}],"replies":[{"embeddable":true,"href":"https:\/\/research.gsd.harvard.edu\/mci\/wp-json\/wp\/v2\/comments?post=2196"}],"version-history":[{"count":0,"href":"https:\/\/research.gsd.harvard.edu\/mci\/wp-json\/wp\/v2\/pages\/2196\/revisions"}],"wp:attachment":[{"href":"https:\/\/research.gsd.harvard.edu\/mci\/wp-json\/wp\/v2\/media?parent=2196"}],"curies":[{"name":"wp","href":"https:\/\/api.w.org\/{rel}","templated":true}]}}